(base 10) to base 12.
-2
-2b (base 15) to base 11
-38
-22 (base 4) to base 2
-1010
Convert -2a (base 16) to base 5.
-132
115 (base 7) to base 6
141
-46 (base 14) to base 15
-42
-9 (base 14) to base 3
-100
60 (base 8) to base 6
120
-510 (base 9) to base 3
-120100
What is -111 (base 6) in base 15?
-2d
1111 (base 4) to base 15
5a
Convert 5a (base 12) to base 8.
106
Convert 11 (base 2) to base 14.
3
Convert -2 (base 12) to base 13.
-2
Convert -12 (base 3) to base 11.
-5
Convert 118 (base 9) to base 7.
200
Convert -3 (base 7) to base 16.
-3
What is -6 (base 13) in base 7?
-6
Convert -3 (base 7) to base 8.
-3
What is 6 (base 15) in base 8?
6
What is 2230 (base 4) in base 7?
334
Convert -305 (base 7) to base 4.
-2120
Convert -3 (base 7) to base 14.
-3
-a (base 11) to base 5
-20
Convert 2 (base 14) to base 16.
2
114 (base 8) to base 10
76
What is 5 (base 7) in base 14?
5
5 (base 10) to base 15
5
-102 (base 7) to base 14
-39
Convert 14 (base 11) to base 13.
12
Convert 102 (base 5) to base 11.
25
-251 (base 7) to base 16
-86
Convert 9 (base 12) to base 15.
9
-20 (base 4) to base 9
-8
What is 15 (base 12) in base 16?
11
Convert 204 (base 8) to base 13.
a2
Convert -5 (base 13) to base 6.
-5
What is 1010 (base 2) in base 14?
a
-12 (base 4) to base 15
-6
Convert -131 (base 10) to base 7.
-245
What is -22 (base 7) in base 6?
-24
-10011011 (base 2) to base 14
-b1
What is -13 (base 7) in base 6?
-14
What is -2 (base 8) in base 3?
-2
Convert -1 (base 5) to base 6.
-1
Convert 5a (base 14) to base 7.
143
What is 4 (base 10) in base 3?
11
55 (base 12) to base 11
5a
36 (base 11) to base 10
39
-69 (base 10) to base 9
-76
-34 (base 12) to base 16
-28
What is -40 (base 5) in base 15?
-15
Convert 11 (base 8) to base 13.
9
What is -2 (base 14) in base 15?
-2
What is 10 (base 2) in base 11?
2
Convert -4 (base 12) to base 14.
-4
-1 (base 9) to base 14
-1
-10b (base 13) to base 16
-b4
Convert 53 (base 6) to base 7.
45
Convert 5 (base 15) to base 13.
5
ab (base 13) to base 11
119
-26 (base 10) to base 11
-24
What is -12 (base 11) in base 15?
-d
52 (base 12) to base 4
332
What is -2 (base 10) in base 8?
-2
What is -75 (base 14) in base 15?
-6d
-4 (base 14) to base 8
-4
What is -d (base 14) in base 6?
-21
6 (base 11) to base 6
10
What is 72 (base 10) in base 4?
1020
Convert 3 (base 11) to base 3.
10
-63 (base 13) to base 8
-121
4 (base 14) to base 4
10
34 (base 13) to base 9
47
What is 41 (base 5) in base 2?
10101
0 (base 9) to base 12
0
-4 (base 5) to base 11
-4
1210 (base 3) to base 12
40
234 (base 5) to base 9
76
-10 (base 3) to base 12
-3
Convert 2 (base 14) to base 11.
2
What is -401 (base 6) in base 12?
-101
What is -3 (base 15) in base 10?
-3
Convert -264 (base 7) to base 11.
-121
What is 1011011 (base 2) in base 15?
61
Convert -2 (base 5) to base 13.
-2
0 (base 10) to base 4
0
-21 (base 7) to base 9
-16
Convert -c (base 15) to base 16.
-c
-3 (base 13) to base 6
-3
-26 (base 10) to base 5
-101
Convert -3 (base 11) to base 15.
-3
What is 1b (base 16) in base 15?
1c
What is 11 (base 9) in base 4?
22
13 (base 5) to base 12
8
Convert -71 (base 10) to base 12.
-5b
Convert 12 (base 11) to base 16.
d
-103 (base 15) to base 13
-147
-c (base 14) to base 2
-1100
Convert -3 (base 7) to base 12.
-3
What is -10011 (base 3) in base 11?
-78
-10 (base 2) to base 3
-2
Convert -52 (base 12) to base 8.
-76
120 (base 4) to base 6
40
d (base 14) to base 6
21
51 (base 9) to base 3
1201
-3 (base 11) to base 2
-11
3 (base 7) to base 10
3
2 (base 12) to base 3
2
Convert 27 (base 15) to base 5.
122
Convert 35 (base 10) to base 15.
25
100 (base 2) to base 12
4
What is -67 (base 8) in base 9?
-61
43 (base 10) to base 14
31
What is 611 (base 7) in base 3?
102012
-144 (base 5) to base 16
-31
3 (base 5) to base 2
11
3 (base 12) to base 3
10
Convert 0 (base 5) to base 15.
0
Convert -4 (base 15) to base 10.
-4
1302 (base 6) to base 11
277
Convert -20 (base 16) to base 10.
-32
-12 (base 13) to base 6
-23
What is 5 (base 12) in base 4?
11
What is 0 (base 5) in base 12?
0
2 (base 15) to base 5
2
Convert -1100 (base 2) to base 5.
-22
22 (base 11) to base 4
120
What is 11001000 (base 2) in base 12?
148
Convert -101 (base 5) to base 11.
-24
7 (base 14) to base 11
7
1 (base 12) to base 15
1
a (base 16) to base 4
22
-9 (base 13) to base 2
-1001
0 (base 3) to base 7
0
Convert -4 (base 12) to base 3.
-11
Convert -1251 (base 6) to base 2.
-100111111
Convert -302 (base 4) to base 14.
-38
-30 (base 10) to base 7
-42
Convert -1 (base 3) to base 6.
-1
-a (base 16) to base 5
-20
Convert 20 (base 12) to base 2.
11000
-20 (base 3) to base 4
-12
-125 (base 11) to base 13
-b5
Convert -1a (base 11) to base 15.
-16
Convert 0 (base 4) to base 13.
0
-14 (base 15) to base 7
-25
Convert 52 (base 13) to base 7.
124
Convert -1111001 (base 2) to base 3.
-11111
What is -11a (base 11) in base 9?
-167
-2 (base 11) to base 6
-2
Convert 0 (base 14) to base 9.
0
Convert -16 (base 10) to base 3.
-121
Convert 3 (base 12) to base 8.
3
-4 (base 6) to base 4
-10
What is 28 (base 10) in base 11?
26
1000110 (base 2) to base 9
77
Convert -3 (base 7) to base 9.
-3
0 (base 13) to base 4
0
What is 1 (base 3) in base 10?
1
Convert 9 (base 11) to base 5.
14
Convert 5 (base 10) to base 6.
5
110100 (base 2) to base 10
52
Convert -2 (base 12) to base 8.
-2
Convert 13 (base 5) to base 9.
8
11 (base 8) to base 4
21
What is 27 (base 13) in base 9?
36
What is 3 (base 11) in base 13?
3
What is -3 (base 8) in base 13?
-3
What is 1 (base 2) in base 4?
1
21 (base 5) to base 6
15
What is -5 (base 7) in base 3?
-12
4 (base 15) to base 4
10
Convert -33 (base 10) to base 3.
-1020
0 (base 10) to base 2
0
What is -302 (base 5) in base 8?
-115
What is -22 (base 9) in base 2?
-10100
What is -1 (base 11) in base 16?
-1
Convert 0 (base 14) to base 16.
0
Convert 1 (base 15) to base 16.
1
What is -5 (base 10) in base 12?
-5
What is 4 (base 8) in base 11?
4
What is -13 (base 8) in base 5?
-21
-1030 (base 4) to base 12
-64
What is -36 (base 14) in base 4?
-300
What is 3 (base 11) in base 7?
3
What is 60 (base 7) in base 4?
222
33 (base 12) to base 7
54
What is c3 (base 13) in base 14?
b5
Convert -40 (base 8) to base 14.
-24
Convert 4b (base 15) to base 13.
56
-97 (base 12) to base 4
-1303
What is -110 (base 9) in base 4?
-1122
What is -10 (base 12) in base 16?
-c
What is 51 (base 7) in base 13?
2a
Convert 1 (base 11) to base 9.
1
-6 (base 8) to base 16
-6
-53 (base 8) to base 7
-61
-4 (base 5) to base 8
-4
70 (base 14) to base 15
68
Convert -1 (base 13) to base 8.
-1
-10010 (base 2) to base 10
-18
Convert 34 (base 7) to base 4.
121
What is -46 (base 7) in base 2?
-100010
2 (base 4) to base 14
2
What is -94 (base 13) in base 6?
-321
What is -8 (base 13) in base 16?
-8
Convert -3 (base 4) to base 5.
-3
-1 (base 6) to base 2
-1
What is 0 (base 4) in base 12?
0
What is -2 (base 15) in base 14?
-2
What is -26 (base 8) in base 15?
-17
2 (base 7) to base 15
2
Convert -21 (base 4) to base 10.
-9
What is -6 (base 15) in base 13?
-6
Convert -102 (base 6) to base 13.
-2c
Convert -1 (base 4) to base 2.
-1
What is 2 (base 11) in base 12?
2
-2 (base 14) to base 16
-2
-1 (base 2) to base 9
-1
-21 (base 15) to base 3
-1011
Convert -1 (base 4) to base 7.
-1
58 (base 9) to base 5
203
What is 2 (base 9) in base 6?
2
Convert -2200 (base 3) to base 12.
-60
-3202 (base 4) to base 3
-22101
Convert 10100001 (base 2) to base 12.
115
Convert 3a (base 12) to base 16.
2e
What is 26 (base 15) in base 5?
121
Convert 6 (base 12) to base 9.
6
0 (base 5) to base 4
0
What is 344 (base 9) in base 3?
101111
What is -8 (base 13) in base 6?
-12
-9 (base 16) to base 4
-21
What is 56 (base 12) in base 5?
231
12 (base 3) to base 7
5
What is 3 (base 7) in base 11?
3
3 (base 11) to base 5
3
-241 (base 7) to base 11
-106
0 (base 16) to base 15
0
-1000 (base 5) to base 7
-236
Convert 0 (base 14) to base 12.
0
Convert -1202 (base 3) to base 13.
-38
Convert -3 (base 8) to base 6.
-3
What is 132 (base 8) in base 13?
6c
What is -9 (base 16) in base 10?
-9
Convert -32 (base 14) to base 15.
-2e
Convert 14 (base 10) to base 9.
15
-110 (base 8) to base 15
-4c
-103 (base 4) to base 16
-13
What is -1 (base 12) in base 14?
-1
Convert 0 (base 11) to base 7.
0
15 (base 15) to base 13
17
-3 (base 12) to base 13
-3
What is 33 